s 29663 a composite number?
False
Is 2991 composite?
True
Is 10061 a prime number?
True
Is 718187 prime?
True
Is 1330403 composite?
True
Is 1217 a prime number?
True
Is 3389 a composite number?
False
Is 90697 a prime number?
True
Is 2627 a prime number?
False
Is 120473 prime?
True
Is 18953 composite?
True
Is 23003 a prime number?
True
Is 82457 a prime number?
True
Is 30823 a prime number?
False
Is 181397 a composite number?
False
Is 3218 composite?
True
Is 5981 composite?
False
Is 7901 a prime number?
True
Is 51307 a composite number?
False
Is 6119 prime?
False
Is 4679 a prime number?
True
Is 949459 prime?
False
Is 49307 a composite number?
False
Is 112459 a prime number?
True
Is 59833 a composite number?
False
Is 1593239 composite?
False
Is 4271 a composite number?
False
Is 115631 a prime number?
True
Is 1351099 a prime number?
True
Is 119249 a prime number?
False
Is 2574587 composite?
False
Is 48839 prime?
False
Is 1002313 a composite number?
True
Is 499 composite?
False
Is 25195 prime?
False
Is 8923 composite?
False
Is 769901 a composite number?
True
Is 14983087 prime?
False
Is 127873 prime?
True
Is 161 a prime number?
False
Is 532859 prime?
False
Is 8903 a prime number?
False
Is 4547 a composite number?
False
Is 106529 a prime number?
False
Is 5039 a composite number?
False
Is 10487 composite?
False
Is 1443551 prime?
True
Is 30021 prime?
False
Is 3077 a prime number?
False
Is 181813 composite?
False
Is 7453 a prime number?
False
Is 27957 composite?
True
Is 434773 prime?
False
Is 1345655 prime?
False
Is 602543 composite?
False
Is 1973 prime?
True
Is 340513 prime?
False
Is 679597 a prime number?
True
Is 216653 a composite number?
False
Is 30509 prime?
True
Is 4007 a composite number?
False
Is 88447 composite?
True
Is 552259 composite?
False
Is 3098893 a composite number?
True
Is 98507 a composite number?
False
Is 870259 prime?
False
Is 977 a prime number?
True
Is 22529 a composite number?
True
Is 28007 a prime number?
False
Is 35897 composite?
False
Is 30437 a prime number?
False
Is 1517 a prime number?
False
Is 18773 a composite number?
False
Is 19489 a prime number?
True
Is 289 composite?
True
Is 55886 a composite number?
True
Is 84011 composite?
False
Is 6527 prime?
False
Is 34993 a prime number?
False
Is 12443 a prime number?
False
Is 247991 prime?
True
Is 252709 a prime number?
True
Is 1691 a composite number?
True
Is 327893 prime?
False
Is 58309 a composite number?
False
Is 5539 prime?
False
Is 2203 a composite number?
False
Is 15277 composite?
False
Is 22189 composite?
False
Is 14971 composite?
True
Is 116483 a composite number?
False
Is 36083 a composite number?
False
Is 33557 prime?
False
Is 20369 a prime number?
True
Is 2371 prime?
True
Is 788461 prime?
False
Is 22247 prime?
True
Is 1706 a prime number?
False
Is 22153 composite?
False
Is 50023 prime?
True
Is 107249 a prime number?
False
Is 227894 prime?
False
Is 31243 a composite number?
True
Is 71494 composite?
True
Is 493 composite?
True
Is 138499 prime?
False
Is 831443 composite?
False
Is 85597 a composite number?
False
Is 55661 a prime number?
True
Is 33197 a composite number?
True
Is 1313443 prime?
True
Is 4049 composite?
False
Is 5703 composite?
True
Is 613549 prime?
True
Is 102761 a prime number?
True
Is 1193011 prime?
True
Is 408749 a composite number?
True
Is 18607 a prime number?
False
Is 647 composite?
False
Is 119459 a composite number?
True
Is 1028161 prime?
False
Is 26905 prime?
False
Is 138349 composite?
False
Is 335839 a prime number?
False
Is 29483 prime?
True
Is 18301 prime?
True
Is 62821 a composite number?
True
Is 109993 a composite number?
True
Is 50291 a prime number?
True
Is 301789 composite?
False
Is 48809 prime?
True
Is 225949 a composite number?
False
Is 2777 prime?
True
Is 257371 prime?
True
Is 1279297 prime?
False
Is 44753 composite?
False
Is 9745 a prime number?
False
Is 7321 prime?
True
Is 12515 composite?
True
Is 66589 a composite number?
True
Is 35179 a prime number?
False
Is 35491 a composite number?
False
Is 12893 prime?
True
Is 49627 a composite number?
False
Is 82457 a prime number?
True
Is 52483 a composite number?
True
Is 1006667 a composite number?
True
Is 53891 a prime number?
True
Is 6599 a composite number?
False
Is 1739 prime?
False
Is 446561 composite?
False
Is 24305 a composite number?
True
Is 56701 prime?
True
Is 25301 prime?
True
Is 32999 composite?
False
Is 692141 a prime number?
True
Is 2017 a composite number?
False
Is 266797 prime?
True
Is 178231 composite?
False
Is 499439 composite?
False
Is 458 a prime number?
False
Is 27026 a prime number?
False
Is 2203 a composite number?
False
Is 839 a prime number?
True
Is 409589 composite?
False
Is 84605 a composite number?
True
Is 311351 prime?
False
Is 23455 a composite number?
True
Is 473629 composite?
True
Is 1724219 prime?
False
Is 1018177 a composite number?
False
Is 659839 a prime number?
False
Is 224461 prime?
True
Is 3143303 a composite number?
True
Is 43841 a composite number?
True
Is 4391 prime?
True
Is 80429 prime?
True
Is 121547 a composite number?
False
Is 49403 composite?
True
Is 3487 a composite number?
True
Is 1969 a prime number?
False
Is 10893 a prime number?
False
Is 4199401 composite?
True
Is 3521 a composite number?
True
Is 120181 composite?
False
Is 1733 prime?
True
Is 991541 composite?
False
Is 3967 composite?
False
Is 19283 composite?
True
Is 3521 prime?
False
Is 51501 a prime number?
False
Is 6065 a prime number?
False
Is 14167 composite?
True
Is 196579 a composite number?
False
Is 690103 a prime number?
True
Is 19567 prime?
False
Is 67547 a composite number?
False
Is 328661 a prime number?
False
Is 230107 a composite number?
False
Is 99959 prime?
False
Is 20861 a prime number?
False
Is 619591 prime?
False
Is 10639 a prime number?
True
Is 231197 a prime number?
True
Is 695843 a composite number?
False
Is 558769 composite?
False
Is 6197 composite?
False
Is 367757 a composite number?
True
Is 287921 a prime number?
True
Is 6521 a composite number?
False
Is 18973 a composite number?
False
Is 6733 a composite number?
False
Is 11558 a composite number?
True
Is 12359 prime?
False
Is 378519 a prime number?
False
Is 2167 prime?
False
Is 177107 a composite number?
True
Is 2857 a prime number?
True
Is 53147 composite?
False
Is 450859 composite?
False
Is 267635 a composite number?
True
Is 2761 prime?
False
Is 15415 a prime number?
False
Is 118493 a composite number?
False
Is 1193543 composite?
True
Is 141029 a composite number?
True
Is 13553 a composite number?
False
Is 29797 prime?
False
Is 5059 prime?
True
Is 59333 composite?
False
Is 54019 a composite number?
True
Is 811169 composite?
True
Is 273997 composite?
False
Is 2863 a composite number?
True
Is 279343 prime?
False
Is 49835 a prime number?
False
Is 4197 composite?
True
Is 299603 a composite number?
False
Is 14393 a prime number?
False
Is 1969447 a prime number?
True
Is 332719 a prime number?
False
Is 114501 a composite number?
True
Is 9599 a composite number?
True
Is 78563 a composite number?
True
Is 4271 prime?
True
Is 187669 composite?
False
Is 3977 a prime number?
False
Is 82891 prime?
True
Is 3571901 a prime number?
False
Is 6947 composite?
False
Is 63851 a prime number?
False
Is 85713 a composite number?
True
Is 88115 a prime number?
False
Is 29101 composite?
False
Is 8747 prime?
True
Is 1336319 prime?
False
Is 4889 composite?
False
Is 696691 a composite number?
False
Is 145531 a prime number?
True
Is 7235 prime?
False
Is 176005 a composite number?
True
Is 144577 prime?
True
Is 209057 composite?
True
Is 8543 a prime number?
True
Is 36599 composite?
False
Is 338757 prime?
False
Is 35467 composite?
True
Is 4295801 a composite number?
False
Is 23234 a composite number?
True
Is 9329 a composite number?
True
Is 256961 prime?
False
Is 397 a prime number?
True
Is 859783 a prime number?
True
Is 2325539 composite?
True
Is 131 prime?
True
Is 3137 composite?
False
Is 40231 prime?
True
Is 85283 prime?
False
Is 655351 prime?
True
Is 8499 a prime number?
False
Is 31957 a composite number?
False
Is 5979 prime?
False
Is 204457 prime?
False
Is 45053 prime?
True
Is 57731 prime?
True
Is 597281 composite?
True
Is 18539 prime?
True
Is 448639 a prime number?
False
Is 28871 composite?
False
Is 24509 a prime number?
True
Is 291493 a